*2 - 7*u - 20. Suppose 80*b + 762 = -33*b + 197. Give p(b).
-10
Let r(m) = -15*m**2 + 14*m**2 - 1 - 5 + 12*m - 7. What is r(11)?
-2
Let c(z) = -z**2 - 15*z - 65. Let j be c(-8). Let n(g) be the first derivative of g**3/3 + 5*g**2 + 9*g - 65. Give n(j).
0
Let n(x) = -8 + 2 + 15*x + 12*x**2 - 4*x**3 + 14*x + 3*x**3 - 1. Let v be n(14). Let z(c) = 4*c - 3. Give z(v).
25
Let u = 6798 - 6791. Let g(z) = -z**2 + 3*z + 5. What is g(u)?
-23
Let u(r) = 16*r - 71. Suppose -333 - 195 - 42 = -114*o. Give u(o).
9
Let v(k) be the third derivative of -k**6/60 + 3*k**5/10 + 7*k**4/12 - 4*k**3/3 - 96*k**2 - 2*k + 1. What is v(10)?
-68
Let l = -61 + 55. Let x be (6*(-4)/l)/(4 - 6). Let q(z) = 5*z + 2. Let o(j) = -6*j - 2. Let a(c) = 2*o(c) + 3*q(c). Calculate a(x).
-4
Let k(r) = -7*r**3 - 5*r**2 - 7*r - 7. Let h(g) = 20*g**3 + 14*g**2 + 20*g + 20. Suppose 17*o + 9*o = -442. Let i(l) = o*k(l) - 6*h(l). What is i(2)?
-7
Let y(w) = -7*w - 6. Let r(h) = 20*h + 15. Let b(z) = -4*r(z) - 11*y(z). Let c be 24/44 - 144/22. Give b(c).
24
Let c be (0 - -2)/((-46)/(-14) - 3). Let v(n) be the third derivative of n**6/120 - 7*n**5/60 - n**3/2 - n**2 + n. What is v(c)?
-3
Let g(m) = -2*m**2 - 55*m - 33. Let h = 5310 + -5337. Determine g(h).
-6
Suppose -5 = -5*s + 7*d - 2, 0 = 3*s - 5*d - 1. Let x be 7 + (7 - s - 19). Let g(v) = 3*v**2 + 4*v + 6*v - 2*v**2 + 1. What is g(x)?
-20
Let h = -9 - -2. Let j be h*-2*1/(-2). Let q(b) be the third derivative of b**5/60 + 3*b**4/8 + 742*b**2. Determine q(j).
-14
Let j(t) = -t**3 - 5*t**2 - 3*t + 5. Let o be 4/22 + (4104/33)/9. Suppose -4*s = -4*d - 12, -3*d + 0*d - 2*s - o = 0. Give j(d).
1
Let j(n) = -486*n - 495*n + 1021*n - 7. Give j(3).
113
Suppose -3*a = -31 + 16. Suppose -p + 5*r = 9 - 11, -3*p + 3*r = -6. Let n(l) = -46*l**2 + 24*l**2 + l**3 - l + 17*l**p + 1. Determine n(a).
-4
Suppose b - 9 = -c, 0*b = 3*b - 6. Let i(j) = -5*j - j + 14*j - c*j - 25. Give i(0).
-25
Let o(z) = 6*z**3 - 8*z**2 + 2*z + 4. Let l(f) = 2*f + 2178*f**3 - f - 9*f**2 - 2171*f**3 + 4 + f. Let k(u) = -5*l(u) + 6*o(u). What is k(3)?
10
Suppose -4*n + 11 = -3*k, -k = -n - 3*k - 11. Let p be (93 + -100)/((2 + n)*-1). Let c(l) = -p*l - 9*l**2 + 5*l**2 + 5*l**2 - 4. What is c(7)?
-4
Let b(p) = -p**2 + 61*p - 59. Let a(d) = -26*d - 44. Let h be a(-4). Let i be b(h). Let f(k) = -2*k**2 + 4*k - 3*k - 5*k**2. Calculate f(i).
-6
Let u(p) = -26*p - 23*p + 100*p - 28*p - 26*p + 43. Let j(l) = 24*l - 351. Let i(h) = -4*j(h) - 33*u(h). Determine i(7).
6
Let d(m) = -10509*m**3 + 0*m + 10510*m**3 + 27 - 2*m - 35*m**2 + 51. Calculate d(35).
8
Let j(f) be the second derivative of f**5/40 - f**4/12 + 5*f**3/2 - f. Let q(b) be the second derivative of j(b). Let s be (-2 + -7)*2/6. Give q(s).
-11
Suppose 79 - 121 = -3*r. Let b(y) be the third derivative of -y**5/60 + 7*y**4/12 + 3*y**3/2 + 15*y**2 - 7*y. Give b(r).
9
Let w(v) = -6*v**2 + 123*v - 54. Let h be w(20). Let y(n) = -7*n + 41. Give y(h).
-1
Let w(q) = q - 4. Let h be 3/6*((2 - -2) + -52). Let m be -6*(1/(-2))/(h/(-32)). Suppose m*o - 12 = -4. Determine w(o).
-2
Let v(u) = 8*u - 120. Let b(c) = c**3 - 11*c**2 - 152*c + 16. Let y be b(19). Calculate v(y).
8
Let h(o) = -3062*o + 3063*o + 7473 - 7477. Let u = -7 - -14. Calculate h(u).
3
Let j(d) = d - 5. Let v = -1 + 7. Let q(b) = b - 4. Let t(l) = v*q(l) - 5*j(l). Let u be (-10)/(460/3174*23). Calculate t(u).
-2
Let m be (-3)/2*(112 + -123 + (-23)/(-3)). Let r(y) = -y**3 + 3*y**2 + 6*y - 1. Determine r(m).
-21
Let v(g) = -g**3 - 18*g**2 + 40*g + 4. Let o be v(-20). Let c(r) = -o*r + 3*r + 18 - 6. Let s(k) = 8*k + 33. Let t be s(-3). What is c(t)?
3
Let t(s) = 2*s**3 + 10*s + 3*s**2 + 18 - 3*s**3 + 25 - 67 + 20. Let f = 377 - 372. Give t(f).
-4
Let q(m) = 17*m**2 - 24*m + 10. Let s(r) = -3*r + 3. Let n(t) = -q(t) + 3*s(t). Give n(1).
-3
Suppose 0 = 4*t - 28*t + 24. Let d(m) = -92*m**2 + m - 1. What is d(t)?
-92
Let l(z) = -z**2 + 14*z - 14. Suppose -16 - 24 - 32 = -6*n. Calculate l(n).
10
Suppose 3*o + 4*t = -36 - 2, 0 = -3*t - 15. Let u(j) be the second derivative of -j**4/12 - 3*j**3/2 - 7*j**2/2 - 61*j - 14. Calculate u(o).
11
Let q(y) = 812740*y**3 - 3 - 1 - y**2 + 2*y**2 - 812739*y**3 - 13*y. What is q(-5)?
-39
Let h = 16006 - 15993. Let d(g) = g**2 - 13*g - 4. Give d(h).
-4
Let f(i) be the first derivative of 10*i - 102 - 1/2*i**2. Let x(t) = -t**3 - t**2 - t + 7. Let d be x(0). Calculate f(d).
3
Let h(u) = u**2 - 4*u - 20. Suppose -5*f - 3*y - 36 = 0, -349 + 341 = 5*f - y. Determine h(f).
1
Let o(p) = -16*p - 1. Let d = -15 - -10. Let y be (-28)/(-35) + 4/d - 1. What is o(y)?
15
Let c(y) = 3*y + 10 - y**2 - 1 - 5 - 3. Let d(x) = -5*x**2 + 24*x + 5. Let a(f) = -3*c(f) + d(f). Calculate a(8).
-6
Let b(t) be the third derivative of 11*t**4/8 - 116*t**3/3 - 9*t**2 - 133*t. Give b(7).
-1
Let n(g) = 3*g**2 + 18*g. Let a be 28/(-3 + -1) + (-3)/(6/(-2)). Determine n(a).
0
Let n(t) = 4*t - 17. Let z(k) = 5*k - 12. Let y(o) = -6*o + 15. Let g(i) = -6*y(i) - 7*z(i). Let s = -2 + -5. Let j(d) = s*g(d) + 2*n(d). Determine j(0).
8
Let n(f) = 14 - 114*f**2 - 5 - 5 + 112*f**2 - 3 - f**3 - 3*f. Calculate n(0).
1
Let z(k) = -k**3 - 7*k**2 + 29*k + 178. Let a be z(-7). Let r(m) = m**2 + 22*m - 50. Give r(a).
25
Let p(x) = 44*x - 168. Let o(m) = -31*m + 164. Let k(r) = 5*o(r) + 4*p(r). Calculate k(-7).
1
Let u(l) = l**3 + 4*l**2 + 5*l + 2. Let i be u(-3). Let d(r) = 9 - 6*r + 21*r - 4 - 27*r**2 + 49*r**2 - 13*r - 18*r**2 + r**3. Calculate d(i).
-3
Let a be (-4)/58 - (-1323)/(-1421). Let m(y) = 6*y + 2. Give m(a).
-4
Let i(r) be the third derivative of 0*r**4 + 0 - r + 17/60*r**5 - 18*r**2 + 0*r**3. Determine i(1).
17
Suppose 0 = -7*i - 260 - 643. Let v = -141 - i. Let h(n) = n + 6. Calculate h(v).
-6
Suppose -10*y - 10*y = 56 + 44. Let n(m) = m**2 + 8*m + 5. Give n(y).
-10
Let y(w) = -28*w**2 - 113*w + 1. Let z be y(-4). Let j(f) = 2*f**2 - 2*f + 3. Calculate j(z).
43
Let y(p) = 0*p + 3*p - 3*p + p**3. Suppose -12 = 2*i - 3*w, 3*w = 172*i - 167*i + 12. Calculate y(i).
0
Let b(x) = -242*x - 236. Let i be b(-1). Let r(f) = 2*f**2 - 7*f - 2. Determine r(i).
28
Let p(l) = -3*l - 2. Suppose -5*x + 4*s + 27 = 0, 17*x + 24 = 20*x - 5*s. Suppose 3*i - i - 20 = 4*f, i + 25 = -x*f. Calculate p(f).
19
Let b(a) = 83*a + 166*a - 247*a - 6. Let i(j) = -4 + 0 + j**2 + 7*j - 1 - 1. Let y be i(-7). Determine b(y).
-18
Let b(u) = u**3 + 19*u**2 + 17*u - 42. Let a be -1*(-36)/30*-15. What is b(a)?
-24
Let r(k) = 41*k - 297. Let x be r(7). Let l(s) = -s**2 - 12*s - 16. Give l(x).
4
Let l(u) = 4 + 3 - 163*u - 12*u**2 + 161*u - 6 + u**3. Give l(12).
-23
Let v(m) be the third derivative of m**5/60 + m**4/6 + m**3 + 9*m**2. Let d be ((-4)/((-40)/174))/((-6)/(-30)). Let y = d + -92. Determine v(y).
11
Let k(b) = -b**2 + 12*b - 12. Let s(a) = a**2 - 13*a + 13. Let l(t) = 4*k(t) + 3*s(t). Let o = -10 + 21. Suppose o = h + 4. Give l(h).
5
Suppose 34*m - 30*m = 260. Let r = m - 57. Let l be 34/(-85) - r/5. Let t(i) = -3*i**3 - 2*i**2 + i. Calculate t(l).
14
Let m(p) = -19*p. Suppose -4*j + 9 = -39. Suppose j*o - 11*o = -1. What is m(o)?
19
Let q(t) = 189*t + 2997. Let l be q(-16). Let u(a) = a**2 + 31*a + 108. Give u(l).
0
Suppose -57 = 5*r + 3*g, -2*g + 154 = 172. Let f(o) be the first derivative of 2 - 1/3*o**3 - 3*o**2 - 6*o. Calculate f(r).
-6
Let j = -465 + 479. Suppose 0 = -4*l + 23 + 17. Suppose -j = -t - l. Let p(f) = f + 1. Give p(t).
5
Let u = -3 + 3. Let r(b) = 12*b - 2. Let l(h) = -h - 6 - 4*h + 1 + 6. Let s(n) = -5*l(n) - 2*r(n). Calculate s(u).
-1
Let j(q) be the third derivative of 0*q - 26*q**2 + 7/6*q**3 + 1/60*q**5 - 5/24*q**4 + 0. What is j(5)?
7
Let a(y) = -y**2 - 11*y - 11. Let r be a(-11). Let d = 5 + r. Let z(o) be the first derivative of o**4/4 + 2*o**3 + o**2 + 4*o - 20. Determine z(d).
-8
Suppose -143*o - 48*o = 17*o. Let a(b) = -b**2 + 5*b + 3. Give a(o).
3
Suppose -231 = -5*f + 3*d, 352*f - 2*d - 94 = 350*f. Let z(i) = -i**2 + 46*i - 35. Determine z(f).
10
Let a(l) = l - 1. Let k(h) = -3*h**2 - 19*h - 33. Let o(u) = -8*u**2 - 56*u - 101. Let y(q) = 11*k(q) - 4*o(q). Let f be y(17). Calculate a(f).
6
Let k = -16700 - -16711. Let l(w) = w**3 - 11*w**2 - 8*w - 17. Determine l(k).
-105
Let p(s) be the first derivative of -s**3/3 - 7*s**2 - 23*s - 1738. What is p(-12)?
1
Let t(g) = -2